 k**3/3 - k**2/2 - k - 1. Let d(c) = c**3 + 3*c**2 - 8*c - 4. Let h(l) = d(l) - 4*z(l). What is the units digit of h(3)?
6
Let w(x) be the first derivative of 3*x**2/2 - 7*x - 4. Suppose -4*p + 2*b = -26, 46 = 5*p + 3*b - b. What is the units digit of w(p)?
7
Suppose -4*a + 65 = a. What is the tens digit of a?
1
Let n be (-7)/42 - 322/12. What is the units digit of 6*6/n*-9?
2
Suppose -3*k = -7*k + 348. What is the tens digit of k?
8
Let y(g) = -8*g**2 - g - 1. Let w be y(-1). Let r = 11 + w. Suppose r*p = 6*p - 15. What is the units digit of p?
5
Suppose 3*p + 0*p = 18. Let f(v) = -8*v - 4. Let u be f(-3). Suppose -2*h = -5*k - p*h + u, 3*h + 15 = 0. What is the units digit of k?
8
Suppose -4*v - 91 = 77. Let m = 70 + v. What is the units digit of m?
8
Suppose 4*s - 5 = 3. Let r(f) = -f - s - 1 + 1. What is the units digit of r(-5)?
3
Suppose f - 27 = 3*g - 3*f, 0 = -2*g + 5*f - 18. Let r = -1 + g. Let d = -5 - r. What is the units digit of d?
5
Let q(p) = 4*p**2 - 2*p - 1. Let x be q(-1). Suppose 26 = 2*v + x*f, 24 = 4*v + 3*f - 0*f. Suppose 0 = m - v. What is the units digit of m?
3
Let w(j) = 2*j**3 + 2*j - 4 - 10*j - 7*j**2 - 3*j**3. Let l be w(-6). What is the units digit of (-6)/9 - l/(-3)?
2
Let z be (-12)/(-2) + -2 + -1. Suppose -4*i + 0*x - z*x + 156 = 0, 4*x = -4*i + 156. Suppose 0*u - i = -3*u. What is the tens digit of u?
1
Let h(q) = 9 + q - q**2 + 5*q - 3*q. What is the units digit of h(4)?
5
Suppose 4*m + 46 - 190 = -2*d, 0 = -2*d - m + 147. What is the units digit of d?
4
Suppose -377 = -5*a + 88. What is the tens digit of a?
9
Suppose -4*n + 220 + 76 = v, 79 = n - v. What is the units digit of n?
5
Suppose 5*b - 5*n - 45 = -10, -2*b - 3*n = -9. Let g be 10/(-15) - 50/b. Let k = g + 17. What is the units digit of k?
8
Suppose -2*v + 0*v = 0, l - 42 = -5*v. Suppose l = 3*w - 36. What is the units digit of w?
6
Suppose 0 = -o - 2*p - 4 - 0, -24 = -5*o + p. Suppose 12 = 2*k + 4. Suppose 0 = o*n - s - 40, n - 7 - 3 = k*s. What is the tens digit of n?
1
Suppose -5*g + 42 = -68. Let c = g - -3. What is the units digit of c?
5
Let y = 13 - 7. Suppose -y = -5*w - 1. What is the units digit of w?
1
Let p(t) = 9*t + 6. Let s = 18 - 13. Let z be p(s). What is the tens digit of (z/(-6))/1*-2?
1
Let h(q) be the second derivative of 2*q - 1/2*q**2 - 1/2*q**3 + 0. What is the units digit of h(-2)?
5
Let a = -7 - -11. Suppose a*m = 3*c - 40, -4*m = 3*c - 0*c - 56. Suppose -5*q = -4*q - 3*d - 1, -5*q + 4*d = -c. What is the units digit of q?
4
Suppose -334 = -4*k + 378. What is the hundreds digit of k?
1
Let l = -19 - -35. Let y be 212/18 - 18/(-81). Suppose -4*q = -y - l. What is the units digit of q?
7
Suppose -2*h = -3*g + h + 351, -2*h - 8 = 0. Let d = g - 77. What is the tens digit of d?
3
Let u(p) = -2*p**3 - p**2 + p - 1. What is the units digit of u(-2)?
9
Suppose -5*m = 44 + 61. Let j = -15 - m. What is the units digit of (-4)/j*(-132)/8?
1
Suppose a - 7 - 1 = 0. Let i = a - -1. What is the units digit of (-3)/(-2)*12/i?
2
Let m = -5 - 1. Let z be (m/(-8))/((-2)/16). What is the units digit of 2/(-3) + (-82)/z?
3
Suppose 0 = 3*c + 2*c + 25. What is the units digit of (-53)/c - (-2)/5?
1
Let g be 1/(-5) + (-68)/10. Let t = g - 0. Let j = t + 16. What is the units digit of j?
9
Suppose -12 - 3 = -5*b. Suppose -2*t - 10 = t - 2*r, 2*t - 5*r + 25 = 0. Suppose 0 = g - t*y + b*y - 3, 2*g - 4*y - 16 = 0. What is the units digit of g?
6
Let c(q) be the third derivative of q**4/8 + q**3/2 + q**2. What is the units digit of c(8)?
7
What is the hundreds digit of 23*-16*(-12)/24?
1
Let l be 1/2*(-60)/6. What is the tens digit of l + 23 + (-3 - -1)?
1
Let w = 287 - 87. What is the hundreds digit of w?
2
Suppose 5*l - 13 = -3*j, -5*j + 5 = 2*l - 4. Suppose -l*i + 7*i = 90. What is the units digit of i?
8
What is the units digit of (-4)/38 - 876/(-19)?
6
Let x(v) = v**2 - 8*v - 7. Let f be x(9). Let m be 2 + (-2)/4*0. Suppose 0 = f*i - 0 - m. What is the units digit of i?
1
Let t be 0*(4/2 - 1). Suppose 2*s + 2 - 8 = t. Suppose -s*q + 8 = -5*p - 0, 0 = 3*q - 2*p - 14. What is the units digit of q?
6
Let u = -69 + 67. Let r(m) be the third derivative of -m**6/120 - m**5/30 - m**4/8 - m**3/3 + m**2. What is the units digit of r(u)?
4
Let l be 2 - (1 + -8) - 2. Let t = l - 6. What is the units digit of t?
1
What is the units digit of (-4)/(-24) - (-1724)/24*1?
2
Suppose 0 = m - 6*m + 205. What is the units digit of m?
1
Suppose -d = -4*d + 27. Let r(i) = i**2 - 8*i - 7. Let p be r(d). Suppose -3*q + 105 = p*q. What is the tens digit of q?
2
Suppose -2*i + 3*z - 30 = 0, 22 = -4*i + 4*z - 38. Let u = -10 - i. What is the units digit of u?
5
Suppose i = -2*i + 105. What is the tens digit of i?
3
Let d(g) = g**3 - 7*g**2 - 9*g + 6. Let h be d(8). Let f = 4 + h. Suppose 0 = -2*r + f + 16. What is the units digit of r?
9
Let r be (-36)/(-16) - (-2)/(-8). Suppose -h - r = -13. What is the tens digit of h?
1
Let j = -17 + 31. What is the tens digit of 192/j - 6/(-21)?
1
Let j = -2 - 1. Let r(t) = t**3 + 3*t**2 + t + 3. Let k be r(j). Suppose k = 6*i - i - 20. What is the units digit of i?
4
What is the units digit of 78 - (-9)/(-2 + -1)?
5
Let b(f) be the third derivative of f**5/60 + f**4/4 - f**3/3 + f**2. Let w be b(-4). What is the units digit of 6/(-15) + (-44)/w?
4
Let a = 47 - 29. What is the tens digit of a?
1
Let k = -3 + 9. Let n be 1*7*(-168)/(-98). What is the units digit of 4/k + 172/n?
5
Let q(o) = -9*o**2 + 1. Let x = 7 + -5. Let j be q(x). Let r = j + 49. What is the units digit of r?
4
Let c(r) = r**3 + 4*r**2 - 4. What is the tens digit of c(4)?
2
Let l(h) = -3*h - 1. Suppose -3*s = p - 9, -2*s - 1 = p - 6. What is the units digit of l(p)?
8
Let u = -21 - -50. Suppose 4*n - t - 8 = 0, 4*n - u = n - 5*t. Suppose 4*d = -v - v, 15 = n*v + d. What is the units digit of v?
6
Let u(n) = -8*n - 1. Suppose a - o + 3 + 2 = 0, -5*o = -a - 5. Let f be u(a). Suppose -5*l = -f + 9. What is the units digit of l?
6
Let d = 90 - 24. What is the units digit of d?
6
Suppose -2*j + 3 = k + 1, -5*k = -3*j - 10. Let h = 0 - j. Suppose 3*r + h*r = 42. What is the tens digit of r?
1
Let s(t) = -t**3 - 17*t**2 - 18*t + 22. What is the tens digit of s(-16)?
5
Let b = -32 + 64. Suppose -3*n + b = 5. What is the units digit of n?
9
Let w be 26/6 - (-16)/24. What is the units digit of 1162/70 + 2/w?
7
Let v = -13 - -9. Let q be 30/v*(1 - -1). Let j = q - -22. What is the units digit of j?
7
Let s = -75 + 106. What is the units digit of s?
1
Let n(s) = 2 - 3 + 0 + s**3 + s. What is the units digit of n(1)?
1
Let r = 28 + 1. What is the units digit of r?
9
Suppose 4*g + 6 = 2*a - 26, -5*g = a + 12. Suppose 0 = -2*x + 5*f - 14, 4*f = -2*x + x + 19. Let v = x + a. What is the units digit of v?
1
Let t(i) = i + 14. What is the tens digit of t(0)?
1
Suppose 5*n = 8*n - 3*f - 21, -10 = -n + 2*f. Suppose p - 2*p = 0, n*j = -2*p. Suppose j = 2*s - 8 + 4. What is the units digit of s?
2
Let f = -9 + 12. Suppose 17 + f = l. What is the units digit of l?
0
Let o = -23 - -38. Suppose -4*i = -3*i - o. What is the units digit of i?
5
Suppose -15 = -4*g + 9. Let j be 184/12 + (-2)/g. Suppose -4*l + j = -21. What is the units digit of l?
9
Let m = 152 + -78. Suppose 4*w + 22 = m. What is the units digit of w?
3
Suppose 11*q - 7*q - 268 = 0. What is the units digit of q?
7
Suppose -h = k - 2, -k - 10 = -5*h + 4*k. Let n(x) = 2 + x + 3 - h*x. What is the units digit of n(4)?
1
Suppose k + 5*j - 27 = 0, 0 = k - 5*k - 4*j + 156. Let o = k + -20. Suppose o = 5*t + 7. What is the units digit of t?
3
Let p = 193 + -98. Suppose a = -4*a + p. What is the units digit of a?
9
Suppose 184 = -3*l + 7*l. Let d be (-1 + l/6)*3. Suppose 4*a - d = -4*u, -5*a - 4*u = -0*u - 29. What is the units digit of a?
9
Let c(d) = -d + 7. Let z be c(7). Let t = z - -14. What is the tens digit of t?
1
Let w be (-16)/6*(-9)/(-6). Let b(r) be the third derivative of r**6/120 + r**5/12 + r**4/6 + r**3/6 + 3*r**2. What is the units digit of b(w)?
1
What is the tens digit of 1/(-1 - (-712)/708)?
7
Let d(r) = 2*r**2 + 4*r + 1. Let i be d(-3). Let w = 4 + i. What is the units digit of w?
1
Let g(s) be the third derivative of 1/6*s**3 + 0 + 0*s - 2*s**2 - 1/6*s**4. What is the units digit of g(-2)?
9
Suppose 0 = 2*m + 